 by 1227?
3
Calculate the remainder when 1989882 is divided by 64.
58
What is the remainder when 8091 is divided by 618?
57
Calculate the remainder when 70468 is divided by 1449.
916
Calculate the remainder when 58611571 is divided by 29305696.
179
Calculate the remainder when 4208233 is divided by 538.
535
Calculate the remainder when 1980732 is divided by 116502.
198
Calculate the remainder when 25566 is divided by 6368.
94
What is the remainder when 25226943 is divided by 155?
73
What is the remainder when 2093515 is divided by 264?
259
Calculate the remainder when 1099186 is divided by 5755.
5736
Calculate the remainder when 5453188 is divided by 3730.
3658
What is the remainder when 1597461 is divided by 44?
41
Calculate the remainder when 75997 is divided by 3793.
137
Calculate the remainder when 10317907 is divided by 1180.
1167
What is the remainder when 130363 is divided by 2638?
1101
Calculate the remainder when 60268 is divided by 18812.
3832
Calculate the remainder when 23329240 is divided by 814.
0
Calculate the remainder when 5837507 is divided by 69494.
11
What is the remainder when 11510640 is divided by 222?
162
What is the remainder when 230547 is divided by 114871?
805
What is the remainder when 471651 is divided by 11?
4
Calculate the remainder when 207876 is divided by 16.
4
Calculate the remainder when 966024 is divided by 137878.
878
What is the remainder when 52539879 is divided by 102?
87
What is the remainder when 548917 is divided by 36569?
382
What is the remainder when 368250 is divided by 188?
146
Calculate the remainder when 1274849 is divided by 16769.
405
Calculate the remainder when 76506 is divided by 10543.
2705
Calculate the remainder when 91756512 is divided by 3202.
0
What is the remainder when 4071089 is divided by 323?
320
Calculate the remainder when 262713 is divided by 29190.
3
Calculate the remainder when 478223 is divided by 9376.
47
What is the remainder when 24369 is divided by 6040?
209
Calculate the remainder when 575707011 is divided by 1062.
1059
What is the remainder when 5341944 is divided by 133?
132
Calculate the remainder when 563117 is divided by 5215.
5112
Calculate the remainder when 30006234 is divided by 107.
10
Calculate the remainder when 62098385 is divided by 44.
41
Calculate the remainder when 31344296 is divided by 319.
313
What is the remainder when 4858433 is divided by 694037?
174
Calculate the remainder when 1197470 is divided by 2255.
65
Calculate the remainder when 294645 is divided by 942.
741
Calculate the remainder when 165545 is divided by 154.
149
Calculate the remainder when 233513 is divided by 828.
17
Calculate the remainder when 484648 is divided by 480723.
3925
Calculate the remainder when 28211627 is divided by 9403871.
14
Calculate the remainder when 902408 is divided by 56357.
696
What is the remainder when 462021 is divided by 1252?
33
Calculate the remainder when 1794198 is divided by 598045.
63
What is the remainder when 597291 is divided by 372?
231
What is the remainder when 11799466 is divided by 302546?
172
Calculate the remainder when 367313 is divided by 365347.
1966
What is the remainder when 1538335 is divided by 4690?
15
Calculate the remainder when 298988 is divided by 468.
404
What is the remainder when 216039029 is divided by 44?
41
What is the remainder when 266267625 is divided by 66566906?
1
Calculate the remainder when 76040 is divided by 15197.
55
What is the remainder when 6113749 is divided by 56?
5
Calculate the remainder when 4834986 is divided by 895.
196
Calculate the remainder when 8830679 is divided by 2221.
2204
What is the remainder when 44394206 is divided by 172?
146
What is the remainder when 700242 is divided by 4893?
543
Calculate the remainder when 4357476 is divided by 1273.
1270
What is the remainder when 69253 is divided by 3452?
213
Calculate the remainder when 41246842 is divided by 4.
2
Calculate the remainder when 4592840 is divided by 4875.
590
What is the remainder when 4256462 is divided by 1259?
1042
Calculate the remainder when 3353576 is divided by 10162.
116
Calculate the remainder when 807578 is divided by 1056.
794
What is the remainder when 25819 is divided by 12741?
337
What is the remainder when 287910 is divided by 295?
285
What is the remainder when 346907 is divided by 594?
11
What is the remainder when 267566 is divided by 56?
54
Calculate the remainder when 10625037 is divided by 10624996.
41
Calculate the remainder when 5844148 is divided by 153793.
14
What is the remainder when 353503 is divided by 70692?
43
Calculate the remainder when 1247070 is divided by 622061.
2948
What is the remainder when 186125 is divided by 37122?
515
What is the remainder when 301407 is divided by 1029?
939
Calculate the remainder when 1461953 is divided by 487226.
275
Calculate the remainder when 608155 is divided by 121267.
1820
Calculate the remainder when 40913958 is divided by 15.
3
Calculate the remainder when 4635538 is divided by 4.
2
What is the remainder when 239104649 is divided by 2537?
10
What is the remainder when 25454 is divided by 4693?
1989
Calculate the remainder when 51451289 is divided by 158.
11
What is the remainder when 136123 is divided by 136016?
107
What is the remainder when 51515396 is divided by 1392308?
0
What is the remainder when 217441 is divided by 290?
231
What is the remainder when 1475919 is divided by 785?
119
What is the remainder when 270706 is divided by 557?
4
What is the remainder when 46528 is divided by 15265?
733
What is the remainder when 300203 is divided by 100028?
119
Calculate the remainder when 9801195 is divided by 1281.
264
What is the remainder when 6990664 is divided by 22?
10
What is the remainder when 14347788 is divided by 23?
20
What is the remainder when 9645274 is divided by 460?
454
Calculate the remainder when 4235010779 is divided by 14498.
14497
Calculate the remainder when 5801999 is divided by 131.
9
What is the remainder when 277196 is divided by 2498?
2416
Calculate the remainder when 2178097 is divided by 726023.
28
What is the remainder when 8250 is divided by 5359?
2891
What is the remainder when 183363 is divided by 45795?
183
Calculate the remainder when 993066 is divided by 231.
228
What is the remainder when 2473 is divided by 1264?
1209
Calculate the remainder when 232650 is divided by 116317.
16
Calculate the remainder when 1443 is divided by 318.
171
What is the remainder when 195054 is divided by 73?
71
What is the remainder when 55379 is divided by 55223?
156
What is the remainder when 1425373 is divided by 881?
796
Calculate the remainder when 200029 is divided by 5874.
313
What is the remainder when 30609961 is divided by 54955?
26
Calculate the remainder when 19394 is divided by 19003.
391
Calculate the remainder when 949082 is divided by 316347.
41
What is the remainder when 96874979 is divided by 48437486?
7
Calculate the remainder when 30141276 is divided by 7535313.
24
What is the remainder when 191325 is divided by 2422?
2409
What is the remainder when 9017 is divided by 789?
338
Calculate the remainder when 43353826 is divided by 2058.
2056
What is the remainder when 2277238 is divided by 61?
47
What is the remainder when 76361 is divided by 2077?
1589
What is the remainder when 115614526 is divided by 67?
63
Calculate the remainder when 2008386 is divided by 650.
536
What is the remainder when 4948362 is divided by 920?
602
What is the remainder when 3526355 is divided by 585?
560
What is the remainder when 3103989 is divided by 677?
621
Calculate the remainder when 53901557 is divided by 400.
357
Calculate the remainder when 353013 is divided by 2277.
78
Calculate the remainder when 3925875 is divided by 57.
0
What is the remainder when 4101844 is divided by 810?
4
Calculate the remainder when 33125 is divided by 510.
485
Calculate the remainder when 578565 is divided by 5220.
4365
Calculate the remainder when 1082486 is divided by 77307.
188
What is the remainder when 1617323 is divided by 131?
128
What is the remainder when 1213451 is divided by 31930?
111
What is the remainder when 37458001 is divided by 158?
151
What is the remainder when 3461864 is divided by 3461684?
180
What is the remainder when 247207 is divided 